+ 2*k + 33. Is l(s) a multiple of 11?
True
Suppose -4*s = -4*d - 12, 0*s - 5*s - 2*d - 6 = 0. Suppose -97*a + 85*a + 576 = s. Does 24 divide a?
True
Suppose -n - 41 = -163. Suppose -j - 24 = -2*b, -2*j = j + 4*b + n. Let h = j - -75. Is h a multiple of 24?
False
Suppose 0 = -4*o + 2*w + 236, -3*o - 166 = -6*o - 4*w. Suppose -6*z + 8*z - 3*n = 163, -4*z - 2*n = -286. Suppose z*i - 73*i = o. Is i a multiple of 16?
False
Is 6 + ((-2)/(-5) - (-216216)/60) a multiple of 3?
False
Suppose h - 3 = -2, -13 = 2*d - 5*h. Let i(o) = 4*o**2 + 6*o - 4. Let g be i(d). Let x = 59 - g. Is 23 a factor of x?
True
Suppose s + 7 = 5*n, 0 = -5*s - 3*n - 0*n - 7. Does 3 divide 5/10*-147*(-4 - s)?
True
Let k = -2073 + 3843. Suppose -441 - k = -11*u. Is 5 a factor of u?
False
Let u(f) = 175*f + 11. Let r be u(6). Suppose -4*l + r = -907. Suppose -5*j + l = j. Does 19 divide j?
False
Let y = 42731 - -1049. Is 199 a factor of y?
True
Suppose -304 = 2*h - 5*x + 485, 5*x = 4*h + 1603. Let v = -39 - h. Is 72 a factor of v?
False
Suppose 3*m = 6663 - 693. Suppose 2*h + 0*h - 5*n - m = 0, -4*h = -2*n - 3964. Does 66 divide h?
True
Let q be (-1 + (-21)/(-9))*36. Let j(x) = 3*x**2 + 2*x + 4. Let k be j(-2). Is (q/4)/(3/k*3) a multiple of 6?
False
Let r(y) = y - 6*y + 108 + 648. Is r(0) a multiple of 27?
True
Is 10 a factor of (-112 + 132)*1406/4?
True
Suppose 0 = -3*c + 2*n + 3532, 934*c - 2*n = 938*c - 4714. Is c a multiple of 2?
True
Let d(r) = 2*r**3 - 10*r**2 + 7*r + 6. Let j be ((-12)/(-10))/((-10)/(-50)). Let v be d(j). Suppose -x + 2*w = -40, 3*x + 0*w - v = -2*w. Is 8 a factor of x?
True
Suppose -54 = 3*m - 3*h, -4*m - 33 = 5*h + 3. Let b be (-38)/m + (-12)/(-42). Suppose -b*t + 0*t + 2*o + 85 = 0, 4*t - o = 105. Is 25 a factor of t?
True
Suppose 4*y = -4*k, 2*k - 4*y + 1 - 25 = 0. Suppose 4*q - 13 = z, 3*q = -4*z - 2 + 45. Suppose k*n + 39 = z*n. Does 13 divide n?
True
Suppose 11*u = 4026 + 286. Let g = u - 264. Is 21 a factor of g?
False
Let h = -12 + 21. Let y = 13 + h. Suppose -130 = -y*o + 20*o. Does 19 divide o?
False
Let i = -25860 + 41735. Is 19 a factor of i?
False
Let x(w) = 3*w**2 - 14*w + 6. Let c(k) = 4*k**2 - 17*k + 8. Let g(p) = 5*c(p) - 6*x(p). Let h = 0 + -3. Is 14 a factor of g(h)?
False
Let u(g) = -g**2 - 5*g - 1. Let d(q) = -5*q**2 - 26*q - 5. Let t(a) = 6*d(a) - 33*u(a). Let z be t(-4). Is (-8)/((-8)/z) - 0 a multiple of 2?
False
Let s(t) = t**3 + 5*t**2 - 7*t. Let c be s(-6). Does 3 divide (60/(-14))/(c/(-42)) - 2?
False
Let q be (68/(-12) - -3)*(-918)/8. Is (q/(-27))/((-8)/12) a multiple of 12?
False
Let a(j) = -1325*j - 4. Let k be a(-1). Suppose 241 - k = -6*d. Suppose -8*i + 124 = -d. Is i a multiple of 14?
False
Suppose -5*z + 2*p + 11 = 0, 3*z + p + 1 = 12. Suppose 0*v + 11 = 4*w - z*v, -v = w - 1. Is (-936)/(-90) - w/5 a multiple of 5?
True
Let f = -7537 - -14421. Is 31 a factor of f?
False
Suppose 2*t + m = -t + 17749, 0 = 3*t + 3*m - 17757. Suppose 5*s - t = -2*s. Suppose -5*g = 4*a - s, -3*a + 119 = 5*g - 726. Does 13 divide g?
True
Let p(a) = 871*a - 65. Is 13 a factor of p(6)?
True
Suppose -20*n = -9*n - 54*n + 2795688. Does 378 divide n?
True
Let m be (-2)/(-17) - (-5 + 17438/(-34)). Suppose -x + 15 = 3. Suppose 0 = x*i - m - 142. Is i a multiple of 15?
False
Let y = -181 - -185. Suppose 0 = -0*s + y*s - 5*c - 280, 0 = 3*s - 4*c - 209. Is 11 a factor of s?
False
Let h = -8426 - -9446. Is h a multiple of 15?
True
Let b = -473 - -1178. Is 32 a factor of b?
False
Let h be 2/5 + (4 - (-42744)/65). Suppose 3*z = 4*p - 1350, -5*z = -4*p + 6*p - h. Does 16 divide p?
True
Let c(m) = -m**3 + 31*m**2 + 42*m - 164. Let q be c(32). Suppose -13*n + 1196 = q. Does 5 divide n?
True
Suppose 5*r = 6*v - 2*v - 26581, -5*v + 33224 = -4*r. Is 15 a factor of v?
False
Suppose 0 = -3*w - 5*h + 6788, -5*w + 11276 = -22*h + 21*h. Is w a multiple of 16?
True
Let a(d) = -d**3 + 18*d**2 + 41. Suppose 2*m = -2*w + 7*m + 29, 5*w - 86 = -m. Is a(w) a multiple of 11?
True
Let h = 27 - 22. Suppose -j - 1380 = -h*j. Does 14 divide j?
False
Let k be 8/36*-33*(-15)/10. Suppose 167 = 4*t + 14*o - k*o, 0 = -3*t + o + 135. Is 11 a factor of t?
True
Let b(h) = -h**3 + 5*h**2 + 7*h - 2. Let l be b(6). Suppose -6*n + f = -3*n - 2344, -3*f = l*n - 3108. Is 10 a factor of n?
True
Suppose -3*m + 382 + 620 = 0. Let x = m + -185. Is x a multiple of 7?
False
Let y(r) = r + 2. Let g be y(18). Let v be 52/g - 3/5. Suppose 0 = v*k + i - 168, -4*i - 210 - 42 = -3*k. Is 12 a factor of k?
True
Let c = 102 - 104. Let g be (-9)/(27/(-6)) + (-9 - c). Is 5 a factor of 1 + g + 7 + 5?
False
Let i be ((-56)/10)/((-4)/30). Let x = 90 - 49. Suppose -z + 2*q = -x, z - q + 0*q - i = 0. Is 14 a factor of z?
False
Let z = 13107 + -11373. Is z a multiple of 15?
False
Suppose 2*g = 33 - 23. Suppose 3*n + 1518 = g*a, -2*n - 361 = -a - 63. Is 9 a factor of a?
True
Suppose -34*a + 11*a + 19826 = 0. Let z = 581 + a. Is z a multiple of 93?
False
Does 9 divide (51/60 + 17/(-68))*2190?
True
Let r(k) = -15*k - 4 + 7 + 16*k + 26*k**2. Does 26 divide r(-3)?
True
Let c(b) = 3*b**2 - 102*b - 44. Is c(56) a multiple of 22?
True
Suppose 798067 - 60163 + 1135968 = 52*m. Does 198 divide m?
True
Suppose -5*i + 6*p = p - 295, 2*i + 3*p = 143. Let v(h) = -h + 4. Let s be v(3). Suppose 2*a - 26 = -3*m, -4*m = -3*a + s - i. Is m a multiple of 6?
True
Let z = 9 - 7. Suppose 4*p - 5*r = -346, 0 = -4*p + 2*r + z*r - 344. Let x = -53 - p. Does 8 divide x?
False
Suppose -u = -111*c + 110*c + 6, -u + 10 = 3*c. Let q(f) = -15*f - 1. Let t be q(-8). Let g = t + u. Is g a multiple of 39?
True
Suppose -4*q = -4*p + 28, 5*p - 2 - 25 = q. Let l be (14/42)/(q/(-30)). Suppose 0*z + 2*z - 176 = 3*v, 0 = l*z - 2*v - 451. Does 13 divide z?
True
Suppose 14*i = 42 - 0. Suppose -p - 494 = -i*p + 2*c, 4*p = c + 991. Is p a multiple of 31?
True
Suppose -3*j - 23 = -h, -6*h = -3*h + 4*j - 95. Let d be 6*(-12)/16*-2. Suppose 0 = n - d - h. Is n a multiple of 8?
False
Let k = 764 - -1163. Does 41 divide k?
True
Suppose 0*t + 1547 = 2*t + b, 0 = -5*t - b + 3860. Let j = t + -327. Is 10 a factor of j?
False
Let c = -153 + 169. Suppose 31*r - 540 = c*r. Is 12 a factor of r?
True
Let n = 138 + 176. Let p = 149 + n. Is p a multiple of 28?
False
Let o(n) = -25 - 275*n + 129*n + 119*n - 12. Is 30 a factor of o(-5)?
False
Suppose -109758 + 426458 = 25*x. Is 17 a factor of x?
False
Suppose -25*u + 89 = 14. Let a(i) = -3*i**2 - 5*i + 4. Let g(j) = -3*j**2 - 5*j + 5. Let p(n) = 5*a(n) - 6*g(n). Does 16 divide p(u)?
True
Let h = 60 - 57. Suppose 2*x - h*n - 1074 = 0, 722 = 3*x + 5*n - 908. Does 54 divide x?
True
Let s be 4/(-26) + (-6 - (-238)/26). Let q(p) = 3*p**3 - 7*p**3 - 20 + s + 20*p - 10*p**2 + 3*p**3. Does 2 divide q(-12)?
False
Let s = 249 - 255. Does 69 divide (3 - -43)*(-117)/s?
True
Let p = -80 - -97. Let g = 190 - p. Is g a multiple of 10?
False
Suppose -2*l = -4, -4*h - 3 = -2*l + 1. Suppose h = -3*q + 199 + 23. Suppose -3*m + 34 = -q. Is 13 a factor of m?
False
Suppose 34580 = 33*h - 20*h. Is 9 a factor of h?
False
Suppose -13*r = -10*r + 30. Let y be ((-5)/r)/((-2)/(-40)). Is (y/35)/((-1)/(-28)) a multiple of 2?
True
Is (-120)/100 - (-95210)/50 a multiple of 33?
False
Let k(j) = 3 + 5 + 17*j - 14*j + 51*j. Does 5 divide k(1)?
False
Suppose 535*l - 541*l = -25674. Is 31 a factor of l?
False
Let y(q) = 5*q**2 + 15*q - 20. Let c be y(12). Suppose -c = -180*m + 176*m. Is m a multiple of 20?
True
Suppose 2*d - 107*c + 102*c - 962 = 0, 5*d - 3*c - 2348 = 0. Is 5 a factor of d?
False
Let n(w) = 47*w**2 - 2*w - 1. Let i = 7 - -9. Let g = i + -17. Does 12 divide n(g)?
True
Suppose -x = -3*q + 2*x + 96, 3*q + x - 88 = 0. Suppose -2*a + 110 = -q. Suppose -a = k - 187. Does 13 divide k?
True
Suppose 0 = 2*w + 20 - 26. Suppose 5*a - w*a - 2 = 0. Is 6 a factor of (-17)/((-3 - a) + 3)?
False
Let j = 505 + -141. Suppose -5*w + j = -4*f - 382, w + 4*f = 154. Is w a multiple of 6?
True
Let d = 61 + -57. Is 2 - -34*34/d a multiple of 10?
False
Let v = -25 + 56. Let r be -4 + v + 3 + 1. Suppose -q = -3*j - r + 1, -3*q + 142 = 4*j. Is q a multiple of 14?
True
Does 80 divide 1437/18 + (-97)/(-582)?
True
Let z be (-10 - -13) + -2*1/2. Suppose 0 = -5*t + 5*i + 50, z*t + 2*i + 10 = -2*i. Is t/25 - 1098/(-10) a multiple of 10?
True
Let s be (-3*8/36)/((-4)/18). S